{"id":870,"date":"2023-05-27T03:17:37","date_gmt":"2023-05-27T03:17:37","guid":{"rendered":"https:\/\/tiembunbatoan.com\/?page_id=870"},"modified":"2023-05-27T03:51:15","modified_gmt":"2023-05-27T03:51:15","slug":"menu","status":"publish","type":"page","link":"https:\/\/tiembunbatoan.com\/?page_id=870","title":{"rendered":"Menu"},"content":{"rendered":"<table style=\"border-collapse: collapse; width: 100%; height: 366px;\">\n<tbody>\n<tr style=\"height: 330px;\">\n<td style=\"width: 33.3333%; height: 330px;\"><span style=\"color: #000000;\"><img loading=\"lazy\" decoding=\"async\" class=\"alignnone size-medium wp-image-871\" src=\"https:\/\/tiembunbatoan.com\/wp-content\/uploads\/2023\/05\/117402912_304347717680797_3910387188266538307_n-400x400.png\" alt=\"\" width=\"400\" height=\"400\" srcset=\"https:\/\/tiembunbatoan.com\/wp-content\/uploads\/2023\/05\/117402912_304347717680797_3910387188266538307_n-400x400.png 400w, https:\/\/tiembunbatoan.com\/wp-content\/uploads\/2023\/05\/117402912_304347717680797_3910387188266538307_n-280x280.png 280w, https:\/\/tiembunbatoan.com\/wp-content\/uploads\/2023\/05\/117402912_304347717680797_3910387188266538307_n-24x24.png 24w, https:\/\/tiembunbatoan.com\/wp-content\/uploads\/2023\/05\/117402912_304347717680797_3910387188266538307_n-36x36.png 36w, https:\/\/tiembunbatoan.com\/wp-content\/uploads\/2023\/05\/117402912_304347717680797_3910387188266538307_n-48x48.png 48w, https:\/\/tiembunbatoan.com\/wp-content\/uploads\/2023\/05\/117402912_304347717680797_3910387188266538307_n.png 414w\" sizes=\"auto, (max-width: 400px) 100vw, 400px\" \/><\/span><\/td>\n<td style=\"width: 33.3333%; height: 330px;\"><span style=\"color: #000000;\"><img loading=\"lazy\" decoding=\"async\" class=\"alignnone size-medium wp-image-874\" src=\"https:\/\/tiembunbatoan.com\/wp-content\/uploads\/2023\/05\/75282293_107850940663810_3592668588948848640_n-399x400.jpeg\" alt=\"\" width=\"399\" height=\"400\" srcset=\"https:\/\/tiembunbatoan.com\/wp-content\/uploads\/2023\/05\/75282293_107850940663810_3592668588948848640_n-399x400.jpeg 399w, https:\/\/tiembunbatoan.com\/wp-content\/uploads\/2023\/05\/75282293_107850940663810_3592668588948848640_n-280x280.jpeg 280w, https:\/\/tiembunbatoan.com\/wp-content\/uploads\/2023\/05\/75282293_107850940663810_3592668588948848640_n-24x24.jpeg 24w, https:\/\/tiembunbatoan.com\/wp-content\/uploads\/2023\/05\/75282293_107850940663810_3592668588948848640_n-36x36.jpeg 36w, https:\/\/tiembunbatoan.com\/wp-content\/uploads\/2023\/05\/75282293_107850940663810_3592668588948848640_n-48x48.jpeg 48w, https:\/\/tiembunbatoan.com\/wp-content\/uploads\/2023\/05\/75282293_107850940663810_3592668588948848640_n.jpeg 413w\" sizes=\"auto, (max-width: 399px) 100vw, 399px\" \/><\/span><\/td>\n<td style=\"width: 33.3333%; height: 330px;\"><span style=\"color: #000000;\"><img loading=\"lazy\" decoding=\"async\" class=\"alignnone size-medium wp-image-832\" src=\"https:\/\/tiembunbatoan.com\/wp-content\/uploads\/2023\/05\/313287893_489762029845440_4272085316515175896_n-300x400.jpeg\" alt=\"\" width=\"300\" height=\"400\" srcset=\"https:\/\/tiembunbatoan.com\/wp-content\/uploads\/2023\/05\/313287893_489762029845440_4272085316515175896_n-300x400.jpeg 300w, https:\/\/tiembunbatoan.com\/wp-content\/uploads\/2023\/05\/313287893_489762029845440_4272085316515175896_n-600x800.jpeg 600w, https:\/\/tiembunbatoan.com\/wp-content\/uploads\/2023\/05\/313287893_489762029845440_4272085316515175896_n-768x1024.jpeg 768w, https:\/\/tiembunbatoan.com\/wp-content\/uploads\/2023\/05\/313287893_489762029845440_4272085316515175896_n-1152x1536.jpeg 1152w, https:\/\/tiembunbatoan.com\/wp-content\/uploads\/2023\/05\/313287893_489762029845440_4272085316515175896_n-18x24.jpeg 18w, https:\/\/tiembunbatoan.com\/wp-content\/uploads\/2023\/05\/313287893_489762029845440_4272085316515175896_n-27x36.jpeg 27w, https:\/\/tiembunbatoan.com\/wp-content\/uploads\/2023\/05\/313287893_489762029845440_4272085316515175896_n-36x48.jpeg 36w, https:\/\/tiembunbatoan.com\/wp-content\/uploads\/2023\/05\/313287893_489762029845440_4272085316515175896_n.jpeg 1536w\" sizes=\"auto, (max-width: 300px) 100vw, 300px\" \/><\/span><\/td>\n<\/tr>\n<tr style=\"height: 36px;\">\n<td style=\"width: 33.3333%; text-align: center; height: 36px;\"><em><span style=\"font-size: 24px; color: #800000;\"><strong>\u00a0Ti\u1ec7m b\u00fan b\u00e0 To\u00e0n<\/strong><\/span><\/em><\/td>\n<td style=\"width: 33.3333%; text-align: center; height: 36px;\"><em><span style=\"font-size: 24px; color: #800000;\"><strong>Menu<\/strong><\/span><\/em><\/td>\n<td style=\"width: 33.3333%; text-align: center; height: 36px;\"><em><span style=\"font-size: 24px; color: #800000;\"><strong>M\u00ec s\u01b0\u1eddn m\u1ecdc<\/strong><\/span><\/em><\/td>\n<\/tr>\n<\/tbody>\n<\/table>\n<p>&nbsp;<\/p>\n<table style=\"border-collapse: collapse; width: 100%;\">\n<tbody>\n<tr>\n<td style=\"width: 33.3333%;\"><span style=\"color: #000000;\"><img loading=\"lazy\" decoding=\"async\" class=\"alignnone size-medium wp-image-876\" src=\"https:\/\/tiembunbatoan.com\/wp-content\/uploads\/2023\/05\/117299315_304347771014125_3454377523416329624_n-400x400.png\" alt=\"\" width=\"400\" height=\"400\" srcset=\"https:\/\/tiembunbatoan.com\/wp-content\/uploads\/2023\/05\/117299315_304347771014125_3454377523416329624_n-400x400.png 400w, https:\/\/tiembunbatoan.com\/wp-content\/uploads\/2023\/05\/117299315_304347771014125_3454377523416329624_n-280x280.png 280w, https:\/\/tiembunbatoan.com\/wp-content\/uploads\/2023\/05\/117299315_304347771014125_3454377523416329624_n-24x24.png 24w, https:\/\/tiembunbatoan.com\/wp-content\/uploads\/2023\/05\/117299315_304347771014125_3454377523416329624_n-36x36.png 36w, https:\/\/tiembunbatoan.com\/wp-content\/uploads\/2023\/05\/117299315_304347771014125_3454377523416329624_n-48x48.png 48w, https:\/\/tiembunbatoan.com\/wp-content\/uploads\/2023\/05\/117299315_304347771014125_3454377523416329624_n.png 414w\" sizes=\"auto, (max-width: 400px) 100vw, 400px\" \/><\/span><\/td>\n<td style=\"width: 33.3333%;\"><span style=\"color: #000000;\"><img loading=\"lazy\" decoding=\"async\" class=\"alignnone size-medium wp-image-877\" src=\"https:\/\/tiembunbatoan.com\/wp-content\/uploads\/2023\/05\/117444323_304347797680789_2357397164147504696_n-400x400.png\" alt=\"\" width=\"400\" height=\"400\" srcset=\"https:\/\/tiembunbatoan.com\/wp-content\/uploads\/2023\/05\/117444323_304347797680789_2357397164147504696_n-400x400.png 400w, https:\/\/tiembunbatoan.com\/wp-content\/uploads\/2023\/05\/117444323_304347797680789_2357397164147504696_n-280x280.png 280w, https:\/\/tiembunbatoan.com\/wp-content\/uploads\/2023\/05\/117444323_304347797680789_2357397164147504696_n-24x24.png 24w, https:\/\/tiembunbatoan.com\/wp-content\/uploads\/2023\/05\/117444323_304347797680789_2357397164147504696_n-36x36.png 36w, https:\/\/tiembunbatoan.com\/wp-content\/uploads\/2023\/05\/117444323_304347797680789_2357397164147504696_n-48x48.png 48w, https:\/\/tiembunbatoan.com\/wp-content\/uploads\/2023\/05\/117444323_304347797680789_2357397164147504696_n.png 414w\" sizes=\"auto, (max-width: 400px) 100vw, 400px\" \/><\/span><\/td>\n<td style=\"width: 33.3333%;\"><span style=\"color: #000000;\"><img loading=\"lazy\" decoding=\"async\" class=\"alignnone size-medium wp-image-878\" src=\"https:\/\/tiembunbatoan.com\/wp-content\/uploads\/2023\/05\/118036368_304347724347463_6392148958346851665_n-400x400.jpeg\" alt=\"\" width=\"400\" height=\"400\" srcset=\"https:\/\/tiembunbatoan.com\/wp-content\/uploads\/2023\/05\/118036368_304347724347463_6392148958346851665_n-400x400.jpeg 400w, https:\/\/tiembunbatoan.com\/wp-content\/uploads\/2023\/05\/118036368_304347724347463_6392148958346851665_n-280x280.jpeg 280w, https:\/\/tiembunbatoan.com\/wp-content\/uploads\/2023\/05\/118036368_304347724347463_6392148958346851665_n-24x24.jpeg 24w, https:\/\/tiembunbatoan.com\/wp-content\/uploads\/2023\/05\/118036368_304347724347463_6392148958346851665_n-36x36.jpeg 36w, https:\/\/tiembunbatoan.com\/wp-content\/uploads\/2023\/05\/118036368_304347724347463_6392148958346851665_n-48x48.jpeg 48w, https:\/\/tiembunbatoan.com\/wp-content\/uploads\/2023\/05\/118036368_304347724347463_6392148958346851665_n.jpeg 414w\" sizes=\"auto, (max-width: 400px) 100vw, 400px\" \/><\/span><\/td>\n<\/tr>\n<tr>\n<td style=\"width: 33.3333%; text-align: center;\"><em><span style=\"font-size: 24px; color: #800000;\"><strong>B\u00fan s\u01b0\u1eddn m\u1ecdc<\/strong><\/span><\/em><\/td>\n<td style=\"width: 33.3333%; text-align: center;\"><em><span style=\"font-size: 24px; color: #800000;\"><strong>B\u00fan m\u00f3ng<\/strong><\/span><\/em><\/td>\n<td style=\"width: 33.3333%; text-align: center;\"><em><span style=\"font-size: 24px; color: #800000;\"><strong>B\u00fan m\u1ecdc<\/strong><\/span><\/em><\/td>\n<\/tr>\n<\/tbody>\n<\/table>\n<p>&nbsp;<\/p>\n<table style=\"border-collapse: collapse; width: 100%; height: 321px;\">\n<tbody>\n<tr style=\"height: 249px;\">\n<td style=\"width: 33.3333%; height: 249px;\"><span style=\"color: #000000;\"><img loading=\"lazy\" decoding=\"async\" class=\"alignnone size-medium wp-image-879\" src=\"https:\/\/tiembunbatoan.com\/wp-content\/uploads\/2023\/05\/118070043_304347827680786_6134960903867305372_n-400x400.png\" alt=\"\" width=\"400\" height=\"400\" srcset=\"https:\/\/tiembunbatoan.com\/wp-content\/uploads\/2023\/05\/118070043_304347827680786_6134960903867305372_n-400x400.png 400w, https:\/\/tiembunbatoan.com\/wp-content\/uploads\/2023\/05\/118070043_304347827680786_6134960903867305372_n-280x280.png 280w, https:\/\/tiembunbatoan.com\/wp-content\/uploads\/2023\/05\/118070043_304347827680786_6134960903867305372_n-24x24.png 24w, https:\/\/tiembunbatoan.com\/wp-content\/uploads\/2023\/05\/118070043_304347827680786_6134960903867305372_n-36x36.png 36w, https:\/\/tiembunbatoan.com\/wp-content\/uploads\/2023\/05\/118070043_304347827680786_6134960903867305372_n-48x48.png 48w, https:\/\/tiembunbatoan.com\/wp-content\/uploads\/2023\/05\/118070043_304347827680786_6134960903867305372_n.png 414w\" sizes=\"auto, (max-width: 400px) 100vw, 400px\" \/><\/span><\/td>\n<td style=\"width: 33.3333%; height: 249px;\"><span style=\"color: #000000;\"><img loading=\"lazy\" decoding=\"async\" class=\"alignnone size-medium wp-image-880\" src=\"https:\/\/tiembunbatoan.com\/wp-content\/uploads\/2023\/05\/118085151_304347747680794_6103441036883456036_n-400x400.png\" alt=\"\" width=\"400\" height=\"400\" srcset=\"https:\/\/tiembunbatoan.com\/wp-content\/uploads\/2023\/05\/118085151_304347747680794_6103441036883456036_n-400x400.png 400w, https:\/\/tiembunbatoan.com\/wp-content\/uploads\/2023\/05\/118085151_304347747680794_6103441036883456036_n-280x280.png 280w, https:\/\/tiembunbatoan.com\/wp-content\/uploads\/2023\/05\/118085151_304347747680794_6103441036883456036_n-24x24.png 24w, https:\/\/tiembunbatoan.com\/wp-content\/uploads\/2023\/05\/118085151_304347747680794_6103441036883456036_n-36x36.png 36w, https:\/\/tiembunbatoan.com\/wp-content\/uploads\/2023\/05\/118085151_304347747680794_6103441036883456036_n-48x48.png 48w, https:\/\/tiembunbatoan.com\/wp-content\/uploads\/2023\/05\/118085151_304347747680794_6103441036883456036_n.png 414w\" sizes=\"auto, (max-width: 400px) 100vw, 400px\" \/><\/span><\/td>\n<td style=\"width: 33.3333%; height: 249px;\"><span style=\"color: #000000;\"><img loading=\"lazy\" decoding=\"async\" class=\"alignnone size-medium wp-image-881\" src=\"https:\/\/tiembunbatoan.com\/wp-content\/uploads\/2023\/05\/118151016_304347777680791_5502069016940676000_n-400x400.png\" alt=\"\" width=\"400\" height=\"400\" srcset=\"https:\/\/tiembunbatoan.com\/wp-content\/uploads\/2023\/05\/118151016_304347777680791_5502069016940676000_n-400x400.png 400w, https:\/\/tiembunbatoan.com\/wp-content\/uploads\/2023\/05\/118151016_304347777680791_5502069016940676000_n-280x280.png 280w, https:\/\/tiembunbatoan.com\/wp-content\/uploads\/2023\/05\/118151016_304347777680791_5502069016940676000_n-24x24.png 24w, https:\/\/tiembunbatoan.com\/wp-content\/uploads\/2023\/05\/118151016_304347777680791_5502069016940676000_n-36x36.png 36w, https:\/\/tiembunbatoan.com\/wp-content\/uploads\/2023\/05\/118151016_304347777680791_5502069016940676000_n-48x48.png 48w, https:\/\/tiembunbatoan.com\/wp-content\/uploads\/2023\/05\/118151016_304347777680791_5502069016940676000_n.png 414w\" sizes=\"auto, (max-width: 400px) 100vw, 400px\" \/><\/span><\/td>\n<\/tr>\n<tr style=\"height: 72px;\">\n<td style=\"width: 33.3333%; text-align: center; height: 72px;\"><em><span style=\"font-size: 24px; color: #800000;\"><strong>B\u00fan s\u01b0\u1eddn m\u00f3ng<\/strong><\/span><\/em><\/td>\n<td style=\"width: 33.3333%; text-align: center; height: 72px;\"><em><span style=\"font-size: 24px; color: #800000;\"><strong>B\u00fan m\u00f3ng m\u1ecdc<\/strong><\/span><\/em><\/td>\n<td style=\"width: 33.3333%; height: 72px; text-align: center;\"><em><span style=\"font-size: 21px; color: #800000;\"><strong>B\u00fan s\u01b0\u1eddn m\u00f3ng m\u1ecdc<\/strong><\/span><\/em><\/td>\n<\/tr>\n<\/tbody>\n<\/table>\n","protected":false},"excerpt":{"rendered":"<p>\u00a0Ti\u1ec7m b\u00fan b\u00e0 To\u00e0n Menu M\u00ec s\u01b0\u1eddn m\u1ecdc &nbsp; B\u00fan s\u01b0\u1eddn m\u1ecdc B\u00fan m\u00f3ng B\u00fan m\u1ecdc &nbsp; B\u00fan s\u01b0\u1eddn m\u00f3ng B\u00fan m\u00f3ng m\u1ecdc B\u00fan s\u01b0\u1eddn m\u00f3ng m\u1ecdc<\/p>\n","protected":false},"author":1,"featured_media":0,"parent":0,"menu_order":0,"comment_status":"closed","ping_status":"closed","template":"","meta":{"footnotes":""},"class_list":["post-870","page","type-page","status-publish","hentry"],"yoast_head":"<!-- This site is optimized with the Yoast SEO plugin v20.8 - https:\/\/yoast.com\/wordpress\/plugins\/seo\/ -->\n<title>Menu - tiembunbatoan<\/title>\n<meta name=\"robots\" content=\"noindex, follow, max-snippet:-1, max-image-preview:large, max-video-preview:-1\" \/>\n<meta property=\"og:locale\" content=\"vi_VN\" \/>\n<meta property=\"og:type\" content=\"article\" \/>\n<meta property=\"og:title\" content=\"Menu - tiembunbatoan\" \/>\n<meta property=\"og:description\" content=\"\u00a0Ti\u1ec7m b\u00fan b\u00e0 To\u00e0n Menu M\u00ec s\u01b0\u1eddn m\u1ecdc &nbsp; B\u00fan s\u01b0\u1eddn m\u1ecdc B\u00fan m\u00f3ng B\u00fan m\u1ecdc &nbsp; B\u00fan s\u01b0\u1eddn m\u00f3ng B\u00fan m\u00f3ng m\u1ecdc B\u00fan s\u01b0\u1eddn m\u00f3ng m\u1ecdc\" \/>\n<meta property=\"og:url\" content=\"https:\/\/tiembunbatoan.com\/?page_id=870\" \/>\n<meta property=\"og:site_name\" content=\"tiembunbatoan\" \/>\n<meta property=\"article:modified_time\" content=\"2023-05-27T03:51:15+00:00\" \/>\n<meta property=\"og:image\" content=\"https:\/\/tiembunbatoan.com\/wp-content\/uploads\/2023\/05\/117402912_304347717680797_3910387188266538307_n-400x400.png\" \/>\n<meta name=\"twitter:card\" content=\"summary_large_image\" \/>\n<meta name=\"twitter:label1\" content=\"\u01af\u1edbc t\u00ednh th\u1eddi gian \u0111\u1ecdc\" \/>\n\t<meta name=\"twitter:data1\" content=\"2 ph\u00fat\" \/>\n<script type=\"application\/ld+json\" class=\"yoast-schema-graph\">{\"@context\":\"https:\/\/schema.org\",\"@graph\":[{\"@type\":\"WebPage\",\"@id\":\"https:\/\/tiembunbatoan.com\/?page_id=870\",\"url\":\"https:\/\/tiembunbatoan.com\/?page_id=870\",\"name\":\"Menu - tiembunbatoan\",\"isPartOf\":{\"@id\":\"https:\/\/tiembunbatoan.com\/#website\"},\"datePublished\":\"2023-05-27T03:17:37+00:00\",\"dateModified\":\"2023-05-27T03:51:15+00:00\",\"breadcrumb\":{\"@id\":\"https:\/\/tiembunbatoan.com\/?page_id=870#breadcrumb\"},\"inLanguage\":\"vi\",\"potentialAction\":[{\"@type\":\"ReadAction\",\"target\":[\"https:\/\/tiembunbatoan.com\/?page_id=870\"]}]},{\"@type\":\"BreadcrumbList\",\"@id\":\"https:\/\/tiembunbatoan.com\/?page_id=870#breadcrumb\",\"itemListElement\":[{\"@type\":\"ListItem\",\"position\":1,\"name\":\"Home\",\"item\":\"https:\/\/tiembunbatoan.com\/\"},{\"@type\":\"ListItem\",\"position\":2,\"name\":\"Menu\"}]},{\"@type\":\"WebSite\",\"@id\":\"https:\/\/tiembunbatoan.com\/#website\",\"url\":\"https:\/\/tiembunbatoan.com\/\",\"name\":\"tiembunbatoan\",\"description\":\"tiembunbatoan\",\"potentialAction\":[{\"@type\":\"SearchAction\",\"target\":{\"@type\":\"EntryPoint\",\"urlTemplate\":\"https:\/\/tiembunbatoan.com\/?s={search_term_string}\"},\"query-input\":\"required name=search_term_string\"}],\"inLanguage\":\"vi\"}]}<\/script>\n<!-- \/ Yoast SEO plugin. -->","yoast_head_json":{"title":"Menu - tiembunbatoan","robots":{"index":"noindex","follow":"follow","max-snippet":"max-snippet:-1","max-image-preview":"max-image-preview:large","max-video-preview":"max-video-preview:-1"},"og_locale":"vi_VN","og_type":"article","og_title":"Menu - tiembunbatoan","og_description":"\u00a0Ti\u1ec7m b\u00fan b\u00e0 To\u00e0n Menu M\u00ec s\u01b0\u1eddn m\u1ecdc &nbsp; B\u00fan s\u01b0\u1eddn m\u1ecdc B\u00fan m\u00f3ng B\u00fan m\u1ecdc &nbsp; B\u00fan s\u01b0\u1eddn m\u00f3ng B\u00fan m\u00f3ng m\u1ecdc B\u00fan s\u01b0\u1eddn m\u00f3ng m\u1ecdc","og_url":"https:\/\/tiembunbatoan.com\/?page_id=870","og_site_name":"tiembunbatoan","article_modified_time":"2023-05-27T03:51:15+00:00","og_image":[{"url":"https:\/\/tiembunbatoan.com\/wp-content\/uploads\/2023\/05\/117402912_304347717680797_3910387188266538307_n-400x400.png"}],"twitter_card":"summary_large_image","twitter_misc":{"\u01af\u1edbc t\u00ednh th\u1eddi gian \u0111\u1ecdc":"2 ph\u00fat"},"schema":{"@context":"https:\/\/schema.org","@graph":[{"@type":"WebPage","@id":"https:\/\/tiembunbatoan.com\/?page_id=870","url":"https:\/\/tiembunbatoan.com\/?page_id=870","name":"Menu - tiembunbatoan","isPartOf":{"@id":"https:\/\/tiembunbatoan.com\/#website"},"datePublished":"2023-05-27T03:17:37+00:00","dateModified":"2023-05-27T03:51:15+00:00","breadcrumb":{"@id":"https:\/\/tiembunbatoan.com\/?page_id=870#breadcrumb"},"inLanguage":"vi","potentialAction":[{"@type":"ReadAction","target":["https:\/\/tiembunbatoan.com\/?page_id=870"]}]},{"@type":"BreadcrumbList","@id":"https:\/\/tiembunbatoan.com\/?page_id=870#breadcrumb","itemListElement":[{"@type":"ListItem","position":1,"name":"Home","item":"https:\/\/tiembunbatoan.com\/"},{"@type":"ListItem","position":2,"name":"Menu"}]},{"@type":"WebSite","@id":"https:\/\/tiembunbatoan.com\/#website","url":"https:\/\/tiembunbatoan.com\/","name":"tiembunbatoan","description":"tiembunbatoan","potentialAction":[{"@type":"SearchAction","target":{"@type":"EntryPoint","urlTemplate":"https:\/\/tiembunbatoan.com\/?s={search_term_string}"},"query-input":"required name=search_term_string"}],"inLanguage":"vi"}]}},"_links":{"self":[{"href":"https:\/\/tiembunbatoan.com\/index.php?rest_route=\/wp\/v2\/pages\/870","targetHints":{"allow":["GET"]}}],"collection":[{"href":"https:\/\/tiembunbatoan.com\/index.php?rest_route=\/wp\/v2\/pages"}],"about":[{"href":"https:\/\/tiembunbatoan.com\/index.php?rest_route=\/wp\/v2\/types\/page"}],"author":[{"embeddable":true,"href":"https:\/\/tiembunbatoan.com\/index.php?rest_route=\/wp\/v2\/users\/1"}],"replies":[{"embeddable":true,"href":"https:\/\/tiembunbatoan.com\/index.php?rest_route=%2Fwp%2Fv2%2Fcomments&post=870"}],"version-history":[{"count":4,"href":"https:\/\/tiembunbatoan.com\/index.php?rest_route=\/wp\/v2\/pages\/870\/revisions"}],"predecessor-version":[{"id":883,"href":"https:\/\/tiembunbatoan.com\/index.php?rest_route=\/wp\/v2\/pages\/870\/revisions\/883"}],"wp:attachment":[{"href":"https:\/\/tiembunbatoan.com\/index.php?rest_route=%2Fwp%2Fv2%2Fmedia&parent=870"}],"curies":[{"name":"wp","href":"https:\/\/api.w.org\/{rel}","templated":true}]}}